{"id":87,"date":"2024-07-22T13:58:06","date_gmt":"2024-07-22T13:58:06","guid":{"rendered":"https:\/\/angry-varahamihira.212-227-3-184.plesk.page\/?page_id=87"},"modified":"2024-07-22T16:52:38","modified_gmt":"2024-07-22T16:52:38","slug":"elementor-seite-87","status":"publish","type":"page","link":"https:\/\/angry-varahamihira.212-227-3-184.plesk.page\/index.php\/elementor-seite-87\/","title":{"rendered":"Elementor Seite #87"},"content":{"rendered":"\t\t<div data-elementor-type=\"wp-page\" data-elementor-id=\"87\" class=\"elementor elementor-87\">\n\t\t\t\t<div class=\"elementor-element elementor-element-50ad75d e-flex e-con-boxed e-con e-parent\" data-id=\"50ad75d\" data-element_type=\"container\">\n\t\t\t\t\t<div class=\"e-con-inner\">\n\t\t\t\t<div class=\"elementor-element elementor-element-f920aa0 elementor-widget elementor-widget-text-editor\" data-id=\"f920aa0\" data-element_type=\"widget\" data-widget_type=\"text-editor.default\">\n\t\t\t\t<div class=\"elementor-widget-container\">\n\t\t\t<style>\/*! elementor - v3.23.0 - 15-07-2024 *\/\n.elementor-widget-text-editor.elementor-drop-cap-view-stacked .elementor-drop-cap{background-color:#69727d;color:#fff}.elementor-widget-text-editor.elementor-drop-cap-view-framed .elementor-drop-cap{color:#69727d;border:3px solid;background-color:transparent}.elementor-widget-text-editor:not(.elementor-drop-cap-view-default) .elementor-drop-cap{margin-top:8px}.elementor-widget-text-editor:not(.elementor-drop-cap-view-default) .elementor-drop-cap-letter{width:1em;height:1em}.elementor-widget-text-editor .elementor-drop-cap{float:left;text-align:center;line-height:1;font-size:50px}.elementor-widget-text-editor .elementor-drop-cap-letter{display:inline-block}<\/style>\t\t\t\t<p>&#8212;vc_row full_width=&#8212;stretch_row_content&#8212; css=&#8212;.vc_custom_1589528997831&#8212;padding-right: 7% !important;padding-left: 7% !important;&#8212;&#8212;&#8212;&#8212;vc_column css=&#8212;.vc_custom_1488276089577&#8212;margin-top: 30px !important;&#8212;&#8212;&#8212;&#8212;vc_column_text&#8212;<h1>Startseite<\/h1><\/p>\t\t\t\t\t\t<\/div>\n\t\t\t\t<\/div>\n\t\t\t\t\t<\/div>\n\t\t\t\t<\/div>\n\t\t<div class=\"elementor-element elementor-element-9a4da46 e-flex e-con-boxed e-con e-parent\" data-id=\"9a4da46\" data-element_type=\"container\">\n\t\t\t\t\t<div class=\"e-con-inner\">\n\t\t\t\t<div class=\"elementor-element elementor-element-c0a1cfc elementor-widget elementor-widget-text-editor\" data-id=\"c0a1cfc\" data-element_type=\"widget\" data-widget_type=\"text-editor.default\">\n\t\t\t\t<div class=\"elementor-widget-container\">\n\t\t\t\t\t\t\t<p>&#8212;\/vc_column_text&#8212;&#8212;vc_separator color=&#8212;custom&#8212; border_width=&#8212;4&#8212; accent_color=&#8212;#08528c&#8212; css=&#8212;.vc_custom_1488276099310&#8212;margin-top: -30px !important;&#8212;&#8212;&#8212;<\/p>\t\t\t\t\t\t<\/div>\n\t\t\t\t<\/div>\n\t\t\t\t\t<\/div>\n\t\t\t\t<\/div>\n\t\t<div class=\"elementor-element elementor-element-227935e e-flex e-con-boxed e-con e-parent\" data-id=\"227935e\" data-element_type=\"container\">\n\t\t\t\t\t<div class=\"e-con-inner\">\n\t\t\t\t<div class=\"elementor-element elementor-element-14fcb51 elementor-widget elementor-widget-text-editor\" data-id=\"14fcb51\" data-element_type=\"widget\" data-widget_type=\"text-editor.default\">\n\t\t\t\t<div class=\"elementor-widget-container\">\n\t\t\t\t\t\t\t<p>&#8212;\/vc_column&#8212;<\/p>\t\t\t\t\t\t<\/div>\n\t\t\t\t<\/div>\n\t\t\t\t\t<\/div>\n\t\t\t\t<\/div>\n\t\t<div class=\"elementor-element elementor-element-76629c6 e-flex e-con-boxed e-con e-parent\" data-id=\"76629c6\" data-element_type=\"container\">\n\t\t\t\t\t<div class=\"e-con-inner\">\n\t\t\t\t<div class=\"elementor-element elementor-element-6cc3fd8 elementor-widget elementor-widget-text-editor\" data-id=\"6cc3fd8\" data-element_type=\"widget\" data-widget_type=\"text-editor.default\">\n\t\t\t\t<div class=\"elementor-widget-container\">\n\t\t\t\t\t\t\t<p>&#8212;\/vc_row&#8212;&#8212;vc_row full_width=&#8212;stretch_row_content&#8212; css=&#8212;.vc_custom_1589529012202&#8212;padding-right: 7% !important;padding-left: 7% !important;&#8212;&#8212;&#8212;&#8212;vc_column width=&#8212;3\/4&#8212;&#8212;&#8212;vc_column_text&#8212;<strong>Gutes Innenraumklima \u2013<span class=---Apple-converted-space--->\u00a0<\/span>bessere Lebensqualit\u00e4t<span class=---Apple-converted-space--->\u00a0<\/span><\/strong>W\u00e4chst auch bei Ihnen mit Beginn der warmen Jahreszeit der Wunsch nach einer Klimatisierung der zu warmen Wohn- oder Arbeitsr\u00e4ume? Mit einem Raumklimager\u00e4t sorgen Sie auf einfache und effiziente Weise f\u00fcr eine angenehme Temperatur und behagliche Feuchtewerte.<span class=---Apple-converted-space--->\u00a0<\/span>Ob im Wohnbereich, Einzelhandelsgesch\u00e4ften, Arztpraxen oder B\u00fcrogeb\u00e4uden \u2013 \u00fcberall sorgen Raumklimager\u00e4te f\u00fcr gute Innenraumluftverh\u00e4ltnisse. Der Markt bietet Ihnen unterschiedlichste Systeme: Vom transportablen Klimager\u00e4t \u00fcber fest installierte Split-Klimager\u00e4te bis hin zu energieeffizienten VRF-Multisplitanlagen als Luft-Luft-W\u00e4rmepumpe zum K\u00fchlen, Entfeuchten, Heizen. Bei den Split-Klimager\u00e4ten steht Ihnen eine gro\u00dfe Auswahl an verschiedensten Innenger\u00e4ten f\u00fcr die Luftverteilung zur Verf\u00fcgung. Die K\u00e4lteleistung eines Innenger\u00e4tes ist auf die Raumgr\u00f6\u00dfe abgestimmt und garantiert somit optimale Leistung mit maximaler Energieeffizienz.<\/p>\t\t\t\t\t\t<\/div>\n\t\t\t\t<\/div>\n\t\t\t\t\t<\/div>\n\t\t\t\t<\/div>\n\t\t<div class=\"elementor-element elementor-element-0a489b7 e-flex e-con-boxed e-con e-parent\" data-id=\"0a489b7\" data-element_type=\"container\">\n\t\t\t\t\t<div class=\"e-con-inner\">\n\t\t\t\t<div class=\"elementor-element elementor-element-9baa544 elementor-widget elementor-widget-text-editor\" data-id=\"9baa544\" data-element_type=\"widget\" data-widget_type=\"text-editor.default\">\n\t\t\t\t<div class=\"elementor-widget-container\">\n\t\t\t\t\t\t\t<p>&#8212;\/vc_column_text&#8212;<\/p>\t\t\t\t\t\t<\/div>\n\t\t\t\t<\/div>\n\t\t\t\t\t<\/div>\n\t\t\t\t<\/div>\n\t\t<div class=\"elementor-element elementor-element-05dd412 e-flex e-con-boxed e-con e-parent\" data-id=\"05dd412\" data-element_type=\"container\">\n\t\t\t\t\t<div class=\"e-con-inner\">\n\t\t\t\t<div class=\"elementor-element elementor-element-fc03553 elementor-widget elementor-widget-text-editor\" data-id=\"fc03553\" data-element_type=\"widget\" data-widget_type=\"text-editor.default\">\n\t\t\t\t<div class=\"elementor-widget-container\">\n\t\t\t\t\t\t\t<p>&#8212;\/vc_column&#8212;&#8212;vc_column width=&#8212;1\/4&#8212;&#8212;&#8212;vc_gallery interval=&#8212;3&#8212; images=&#8212;984,983,982,972,1326,1325&#8212; img_size=&#8212;full&#8212;&#8212;<\/p>\t\t\t\t\t\t<\/div>\n\t\t\t\t<\/div>\n\t\t\t\t\t<\/div>\n\t\t\t\t<\/div>\n\t\t<div class=\"elementor-element elementor-element-893c75d e-flex e-con-boxed e-con e-parent\" data-id=\"893c75d\" data-element_type=\"container\">\n\t\t\t\t\t<div class=\"e-con-inner\">\n\t\t\t\t<div class=\"elementor-element elementor-element-f6670a2 elementor-widget elementor-widget-text-editor\" data-id=\"f6670a2\" data-element_type=\"widget\" data-widget_type=\"text-editor.default\">\n\t\t\t\t<div class=\"elementor-widget-container\">\n\t\t\t\t\t\t\t<p>&#8212;\/vc_column&#8212;<\/p>\t\t\t\t\t\t<\/div>\n\t\t\t\t<\/div>\n\t\t\t\t\t<\/div>\n\t\t\t\t<\/div>\n\t\t<div class=\"elementor-element elementor-element-207699f e-flex e-con-boxed e-con e-parent\" data-id=\"207699f\" data-element_type=\"container\">\n\t\t\t\t\t<div class=\"e-con-inner\">\n\t\t\t\t<div class=\"elementor-element elementor-element-0e72d2a elementor-widget elementor-widget-text-editor\" data-id=\"0e72d2a\" data-element_type=\"widget\" data-widget_type=\"text-editor.default\">\n\t\t\t\t<div class=\"elementor-widget-container\">\n\t\t\t\t\t\t\t<p>&#8212;\/vc_row&#8212;&#8212;vc_row full_width=&#8212;stretch_row_content&#8212; css=&#8212;.vc_custom_1589529012202&#8212;padding-right: 7% !important;padding-left: 7% !important;&#8212;&#8212;&#8212;&#8212;vc_column&#8212;&#8212;vc_row_inner&#8212;&#8212;vc_column_inner&#8212;&#8212;vc_column_text&#8212;<p style=---font-weight: 400;---><strong>Fragen und Antworten zum Heizen mit Luft-Luft-W\u00e4rmepumpen<\/strong><\/p>Moderne Raumklimager\u00e4te in Split-, Multisplit- und VRF-Ausf\u00fchrung sind effiziente Luft-Luft-W\u00e4rmepumpen (DX-Ger\u00e4te). Die Brosch\u00fcre beantwortet h\u00e4ufige Fragen.<p style=---font-weight: 400;---><strong><a href=---https:\/\/downloads.fgk.de\/downloader.php?FILENAME=440_LLWP_FAQ.pdf--- target=---_blank--- rel=---noopener--->Link zur PDF<\/a><\/strong><\/p><\/p>\t\t\t\t\t\t<\/div>\n\t\t\t\t<\/div>\n\t\t\t\t\t<\/div>\n\t\t\t\t<\/div>\n\t\t<div class=\"elementor-element elementor-element-3fc4195 e-flex e-con-boxed e-con e-parent\" data-id=\"3fc4195\" data-element_type=\"container\">\n\t\t\t\t\t<div class=\"e-con-inner\">\n\t\t\t\t<div class=\"elementor-element elementor-element-a446775 elementor-widget elementor-widget-text-editor\" data-id=\"a446775\" data-element_type=\"widget\" data-widget_type=\"text-editor.default\">\n\t\t\t\t<div class=\"elementor-widget-container\">\n\t\t\t\t\t\t\t<p>&#8212;\/vc_column_text&#8212;<\/p>\t\t\t\t\t\t<\/div>\n\t\t\t\t<\/div>\n\t\t\t\t\t<\/div>\n\t\t\t\t<\/div>\n\t\t<div class=\"elementor-element elementor-element-edb3f8e e-flex e-con-boxed e-con e-parent\" data-id=\"edb3f8e\" data-element_type=\"container\">\n\t\t\t\t\t<div class=\"e-con-inner\">\n\t\t\t\t<div class=\"elementor-element elementor-element-a2880a5 elementor-widget elementor-widget-text-editor\" data-id=\"a2880a5\" data-element_type=\"widget\" data-widget_type=\"text-editor.default\">\n\t\t\t\t<div class=\"elementor-widget-container\">\n\t\t\t\t\t\t\t<p>&#8212;\/vc_column_inner&#8212;<\/p>\t\t\t\t\t\t<\/div>\n\t\t\t\t<\/div>\n\t\t\t\t\t<\/div>\n\t\t\t\t<\/div>\n\t\t\t\t<\/div>\n\t\t","protected":false},"excerpt":{"rendered":"<p>AAAA AAAA AAAA AAAA AAAA AAAA AAAA AAAA AAAA AAAA<\/p>\n","protected":false},"author":1,"featured_media":0,"parent":0,"menu_order":0,"comment_status":"closed","ping_status":"closed","template":"","meta":{"footnotes":""},"class_list":["post-87","page","type-page","status-publish","hentry"],"_links":{"self":[{"href":"https:\/\/angry-varahamihira.212-227-3-184.plesk.page\/index.php\/wp-json\/wp\/v2\/pages\/87","targetHints":{"allow":["GET"]}}],"collection":[{"href":"https:\/\/angry-varahamihira.212-227-3-184.plesk.page\/index.php\/wp-json\/wp\/v2\/pages"}],"about":[{"href":"https:\/\/angry-varahamihira.212-227-3-184.plesk.page\/index.php\/wp-json\/wp\/v2\/types\/page"}],"author":[{"embeddable":true,"href":"https:\/\/angry-varahamihira.212-227-3-184.plesk.page\/index.php\/wp-json\/wp\/v2\/users\/1"}],"replies":[{"embeddable":true,"href":"https:\/\/angry-varahamihira.212-227-3-184.plesk.page\/index.php\/wp-json\/wp\/v2\/comments?post=87"}],"version-history":[{"count":13,"href":"https:\/\/angry-varahamihira.212-227-3-184.plesk.page\/index.php\/wp-json\/wp\/v2\/pages\/87\/revisions"}],"predecessor-version":[{"id":101,"href":"https:\/\/angry-varahamihira.212-227-3-184.plesk.page\/index.php\/wp-json\/wp\/v2\/pages\/87\/revisions\/101"}],"wp:attachment":[{"href":"https:\/\/angry-varahamihira.212-227-3-184.plesk.page\/index.php\/wp-json\/wp\/v2\/media?parent=87"}],"curies":[{"name":"wp","href":"https:\/\/api.w.org\/{rel}","templated":true}]}}